{"id":2102,"date":"2025-05-22T10:47:31","date_gmt":"2025-05-22T08:47:31","guid":{"rendered":"http:\/\/bruno-opticien.fr\/?page_id=2102"},"modified":"2025-05-22T10:47:31","modified_gmt":"2025-05-22T08:47:31","slug":"politique-de-confidentialite","status":"publish","type":"page","link":"https:\/\/bruno-opticien.fr\/?page_id=2102","title":{"rendered":"Politique de Confidentialit\u00e9"},"content":{"rendered":"\n<p><strong>Collecte des donn\u00e9es<\/strong><br>Le site <a class=\"\" href=\"http:\/\/www.bruno-opticien.fr\">www.bruno-opticien.fr<\/a> ne collecte pas directement de donn\u00e9es personnelles via des formulaires ou cookies.<\/p>\n\n\n\n<p><strong>Utilisation des donn\u00e9es<\/strong><br>Aucune donn\u00e9e personnelle n\u2019est collect\u00e9e ou trait\u00e9e via ce site.<\/p>\n\n\n\n<p><strong>Cookies<\/strong><br>Aucun cookie personnel n\u2019est utilis\u00e9 sur ce site.<\/p>\n\n\n\n<p><strong>S\u00e9curit\u00e9<\/strong><br>Le site est h\u00e9berg\u00e9 par IONOS, un h\u00e9bergeur reconnu pour la s\u00e9curit\u00e9 de ses infrastructures.<\/p>\n\n\n\n<p><strong>Droits des utilisateurs<\/strong><br>N\u2019\u00e9tant pas collect\u00e9es, aucune donn\u00e9e personnelle n\u2019est susceptible d\u2019\u00eatre modifi\u00e9e ou supprim\u00e9e.<\/p>\n\n\n\n<p><\/p>\n","protected":false},"excerpt":{"rendered":"<p>Collecte des donn\u00e9esLe site www.bruno-opticien.fr ne collecte pas directement de donn\u00e9es personnelles via des formulaires ou cookies. Utilisation des donn\u00e9esAucune donn\u00e9e personnelle n\u2019est collect\u00e9e ou trait\u00e9e via ce site. CookiesAucun [&hellip;]<\/p>\n","protected":false},"author":1,"featured_media":0,"parent":0,"menu_order":0,"comment_status":"closed","ping_status":"closed","template":"","meta":{"footnotes":""},"class_list":["post-2102","page","type-page","status-publish","hentry"],"blocksy_meta":[],"_links":{"self":[{"href":"https:\/\/bruno-opticien.fr\/index.php?rest_route=\/wp\/v2\/pages\/2102","targetHints":{"allow":["GET"]}}],"collection":[{"href":"https:\/\/bruno-opticien.fr\/index.php?rest_route=\/wp\/v2\/pages"}],"about":[{"href":"https:\/\/bruno-opticien.fr\/index.php?rest_route=\/wp\/v2\/types\/page"}],"author":[{"embeddable":true,"href":"https:\/\/bruno-opticien.fr\/index.php?rest_route=\/wp\/v2\/users\/1"}],"replies":[{"embeddable":true,"href":"https:\/\/bruno-opticien.fr\/index.php?rest_route=%2Fwp%2Fv2%2Fcomments&post=2102"}],"version-history":[{"count":1,"href":"https:\/\/bruno-opticien.fr\/index.php?rest_route=\/wp\/v2\/pages\/2102\/revisions"}],"predecessor-version":[{"id":2103,"href":"https:\/\/bruno-opticien.fr\/index.php?rest_route=\/wp\/v2\/pages\/2102\/revisions\/2103"}],"wp:attachment":[{"href":"https:\/\/bruno-opticien.fr\/index.php?rest_route=%2Fwp%2Fv2%2Fmedia&parent=2102"}],"curies":[{"name":"wp","href":"https:\/\/api.w.org\/{rel}","templated":true}]}}